 + 36 - ((-7 - (9 + -17)) + -1)?
53
Calculate -26 + -31 - (-24 - 17).
-16
What is -2 + -12 + (0 - 5) + -4?
-23
Calculate -18 + 2 - (-62 + 104).
-58
What is -70 - 1 - (-1259 - -1221 - (-3 + -35))?
-71
What is -10 - (-37 + (16 - 43))?
54
What is 51 - 29 - 35 - (-5 + (-14 - -4))?
2
Calculate -38 - (-16 + -9 + -1).
-12
What is the value of 48 + -46 + (2 - (-41 + 2)) + (-65 - -70)?
48
Evaluate -1 + -1 + -8 - (-6 + (7 - 6) + 8).
-13
Calculate (-17 - -90) + (6 - -3 - (-1 + 0) - -1).
84
What is the value of 10 + (-12 + (12 + -10 - -3) - -11)?
14
Evaluate 2 + (-1 - 11) + -190 + 15 + 183.
-2
Evaluate 1 + 61 - ((44 - -44) + -77).
51
What is -180 + 230 - (-9 + 33)?
26
What is (7 - 0) + 9 + (69 - 40) + -7 + -13?
25
(0 + 4 - (-49 + -7)) + -2023 + 2026
63
What is the value of -20 - (8 + (7 - 37) + 15)?
-13
1 + 13 - (111 + 68 + -115)
-50
Evaluate 28 + 13 - 76 - 3.
-38
Calculate -14 - (22 - (171 - 17) - -15).
103
Evaluate 48 + 48 + -35 - (13 - 22).
70
(-3 - 1) + 332 + -338 + (-3 - -10) + 32
29
-168 - (-155 - -119) - -30
-102
What is the value of -31 + (14 - (-49 + 29))?
3
What is 31 - -3 - (-916 - -976)?
-26
What is the value of 8 + (-2 - 43) + -3 + -16 + 9?
-47
Evaluate (-86 + -3 + -11 - -11) + (-19 - (-4 + -11)).
-93
Calculate 31 - (-12 + 41 - -37).
-35
-111 + (12 + 20 + -30 - -36)
-73
Calculate (4 + -13 - 40) + (18 - 25 - 11).
-67
What is the value of 97 + 49 + -109 - 8?
29
What is (-2 - 3 - 41) + (69 - 59 - (0 + 4))?
-40
What is 0 + -1 + -52 + (-15 - -9) + 13 + 8?
-38
-172 + 263 + -88 + (39 - 3)
39
10 + -23 + -3 + -7 + 12 + -27
-38
-43 - (-3 + 2 + 16 - -11)
-69
What is the value of -4 + (3 - -2) + 81?
82
Calculate 77 - ((71 - (47 - 22)) + -14).
45
Evaluate 88 - (309 - 159) - (-3 - -15).
-74
Calculate (140 - 44) + -33 + -1 + -36.
26
Evaluate -8 + (6 - 4) + (-15 + -3 - -100).
76
Evaluate (9 - 2) + (-67 - -87) + -8.
19
Evaluate -3 + (-14 + -24 + 23 - 16).
-34
-2442 + 2462 + (1 - 49)
-28
329 - (24 - -266) - (2 - (0 + -19))
18
Calculate -2 + 45 - (8 - ((-12 - (9 + -16)) + 12)).
42
What is the value of (40 + -3 - -5) + (-51 - -77) + -11?
57
Calculate -9 + (-10 - -11) + 10 - -29.
31
Calculate -1 - 3 - -29 - (9950 - 10006).
81
Evaluate (570 - 547) + (4 + 0 - 116).
-89
What is the value of -3772 - -3633 - (-1 - 112)?
-26
Evaluate (31 - 49) + 26 + -39.
-31
Calculate 18 + -21 + -12 + 18 + -10 + -50.
-57
-30 + 62 + -15 + (2 - -1) + -30
-10
What is the value of -35 - ((20 - 43) + -12 - 1)?
1
What is the value of 50 + 52 + -155 - 52?
-105
Evaluate 1 + 18 - 33 - (-15 + 13 - -10).
-22
Calculate -27 + 30 + -15 + 60 + (3 - 4).
47
-158 - (-104 + -54 + 54)
-54
-22 + -49 + 39 - -34
2
What is the value of 12 - ((11 - 0) + -3 - (-127 + 122))?
-1
-3 + -41 + 68 + -5
19
What is (-51 + 87 - 18) + -1 + -134 + 3?
-114
What is the value of -26 + (-14 - (10 + 1)) + -62?
-113
Calculate (-11 - -18 - -5) + (-16 - (-81 + 13)).
64
What is (0 - -50) + (19 - -1) + -28 + -22 + 33?
53
What is -70 + 73 + 68 + -16?
55
Calculate 156 + -52 + (-28 + 20 - (16 - 7)).
87
What is the value of -44 - (9 + -35 + 14 + 9)?
-41
What is (67 - 7) + (1 - (8 - 21))?
74
-12 + (10 + (-3 - -2) - (109 - 65 - -40))
-87
What is -4 - ((-17 - -20) + (2 - 10) + 6 - -13)?
-18
Evaluate -30 - -25 - ((-45 - -5) + (-6 - -6)).
35
Evaluate 19 + (47 - (38 - 9)).
37
(-6 - 1) + 1 + -4 - (6494 - 6568)
64
Calculate (42 - 68) + 3 + 31.
8
-4 - (4 + 12 + -1) - -11 - -1
-7
What is (-33 - -6) + 1 + -27 + 62?
9
(88 + 11 - -15) + -120
-6
Calculate 11 + -4 + 28 + -10 + -65.
-40
What is (41 + -49 - 128) + -10?
-146
What is the value of 13 - ((-3 - -2) + (42 - (92 + -71)))?
-7
Evaluate 39 + -46 + -18 - 28 - -15.
-38
Evaluate 8 + -17 - -8 - (4 - 4 - -84).
-85
What is the value of 0 + 3 + 54 + -10 + 3 + 5 + -7?
48
-36 + (-5 + (20 - 9) - -16)
-14
What is 67 - (3 + 129 + -63)?
-2
-1 + 33 - (40 - (-51 - -62) - 33)
36
What is the value of 64 + -45 + (-14 - -29) - -40?
74
What is 4934 - 4934 - (-14 - (1 - (2 + -1)))?
14
(-21 + 24 - 15) + (2 - -22)
12
Evaluate -13 + (-1 + 13 - (-82 + 195 - 77)).
-37
64 - (16 - (15 + -6 + (-5 - 0)))
52
What is 38 + (0 - 2) + (-9 - (6 + -20 - 4))?
45
(15 - (-13 - -6 - 13)) + 1 + -2
34
Calculate -2 + (10 - 6 - -5) - -9.
16
What is (97 - 148) + -9 + (2 - 1) + 11?
-48
3 - -74 - (-2904 - -2939)
42
Calculate 25 + -24 - (-4 + -1 + -5 + 5).
6
What is -6 + 2 + 15 - ((-56 - 14) + 202)?
-121
What is the value of 45 + -9 + (-5 - 2) - 53?
-24
Calculate -6 + -57 + (1 - 5) + 21.
-46
Evaluate -197 + 171 - (-1 + -54).
29
Calculate 120 + 202 + -381 + (4 - 1).
-56
-21 + -9 - (14 + -1 + (-28 - -16))
-31
Evaluate 14 - (45 - 14) - (2 + (-21 - -19)).
-17
17 - (7 - -5) - -12 - (45 - -7)
-35
What is (128 + -42 - 14) + -81?
-9
Evaluate (58 - 84) + 53 - 75.
-48
Evaluate -4 + 15 - (-48 - (0 + -15 - -4)).
48
What is 9 + (-1 - -1) + 2 - (-223 + 256 - 24)?
2
What is the value of -55 - (3 + (-7 - 12 - (-17 + 4 + 3)))?
-49
Evaluate -16 - (-11 + 40 + -54).
9
What is the value of -14 + (98 + -212 - -157)?
29
What is the value of -72 - (73 + -158) - ((-42 - -2) + 0 - -3)?
50
Calculate -35 + -30 + 17 - ((-2 - -9 - 5) + 2).
-52
-1 + -4 + (-13 - (-8 + (-9 - -8)))
-9
Evaluate -17 - (88 + -17 + (10 - (15 + -30))).
-113
What is the value of 71 - (-116 - (38 - 183))?
42
What is the value of -5 + -36 + 10 - 12 - (4 + -2 + 1)?
-46
What is 28 - (60 - 21) - (-2 + 5 + 14)?
-28
Calculate 90 + (42 - (-20 + (57 - 9))).
104
What is 1 + 6 + 85 + 0 + (-649 - -635)?
78
Evaluate (-93 + 13 + -13 - 11) + -4 + 5 + 2.
-101
What is 20 - (-41 + (40 - (-64 + 45)))?
2
(-1 - 1) + (-22 - -5 - -13) + -4 + -11
-21
(5 - 11) + 11 + 34
39
-19 - ((-1 - 4) + 8) - 17
-39
Evaluate -43 + -1 + 168 + -83.
41
What is the value of 192 + -91 - (69 - 6)?
38
(2 - (1 - (3 + 14))) + -50
-32
17 + (14 - (5 - -12)) - (-2 - -2)
14
Calculate -3 + (36 - ((207 - 206) + 2 + -9)).
39
Evaluate 172 + -6 + (-6 - (20 + -9)) + -1.
148
Evaluate -2 - -4 - 1 - -4 - (-1527 + 1548).
-16
Calculate 93 + -43 + (-20 - 13) - -66.
83
What is -6 + 0 + (217 - 193) + -8?
10
Calculate -62 + (115 - 88) + 76.
41
Evaluate (-14 + (-10 - -12) - -68) + -15.
41
Evaluate (5 - 4) + (-107 - (-3 + -1) - (-3 + 14)).
-113
Calculate -44 + (-13 + 45 + -32 - 27).
-71
What is the value of (104 - 67) + 103 - 107?
33
What is -199 + 18 + 80 - (-1 - 21)?
-79
-13 - (-46 + 51 - (0 - 64))
-82
-2 + 59 + -1689 + 1653
21
What is (2 - -5) + 22 + (2 - 0) + -22?
9
Calculate -106 + -20 + (-103 - -120).
-109
Evaluate (1 - 80) + (19 - -35 - 47).
-72
What is 37 - (-6 + (6 + 2 - 15))?
50
Evaluate -9 - ((16 - (-17 + 13)) + -4 + -47).
22
Calculate -105 - (-208 - -36 - -40).
27
What is 1 + (13 - 9) + (2 + -3 - 33 - -4)?
-25
Evaluate -59 - (7 + -21 + (-5 - -28) + -11 + -7).
-50
6 - (12 - 8) - (13 - (-5 + 24))
8
Evaluate (-8 - -6 - 12) + -871 + 902.
17
What is the value of 35 - (29 - 35) - 72?
-31
What is -79 + 0 + 122 + -30 + -10?
3
What is the value of (-4 - -12) + (13 - (-40 + 47))?
14
Evaluate (-41 - -1) + (-28 + 14 - (7 - 18)).
-43
What is (6 - 2) + (-47 + 54 + 3 - (-43 + 1))?
56
Calculate 6 + (-2 - (22 + 2)) + 32 + -23.
-11
-28 + (147 - (34 - 58)) + -17
126
Calculate (-17 - 2 - -5) + 21 + 7 + -3 - 0.
11
Evaluate 1 - 4 - (12 + (-10 - -8) - (-64 + 20)).
-57
What is -1 - -10 - (28 + -41) - 56 - -2?
-32
What is -50 + 72 + -54 - (0 + 8)?
-40
Calculate (338 - 341) + 3 + -1 + (1 - -33).
33
-9 + 259 - (-1422 - -1571)
101
-21 - ((22 - 26) + -16) - (1 + 68)
-70
What is -231 - -168 - (-4 - 33)?
-26
What is 28 + (-9 - (3 - (-2 + 6 + 0))) + 5?
25
21 - (38 + (66 - 124))
41
Calculate (20 - (28 + 1) - (6 + -5 - 4)) + -71.
-77
Calculate -16 + (2 - 9 - (-31 + -9 - -30)) + -3.
-16
What is -60 + 122 + -13 + -18?
31
Calculate 145 - (-68 - -115) - 0.
98
(-58 - -43) + -17 - 8
-40
What is 9 + (-9 - -28) - 23 - -23?
28
What is 167 + -126 - (-8 + 8 + 1 + 3)?
37
Evaluate -93 + 23 + -68 + 25 + 45.
-68
Calculate (4 - (3 - -18)) + (19 - 9 - -50).
43
(62 - -22) + -94 + 1 + -22
-31
What is 39 + -45 + (65 - 11) + (9 - (3 - -1))?
53
Evaluate 4 + 3 + 13 + (1010 - 1019).
11
25 + (104 - 33 - 65)
31
-2 + -114 + 36 - 26
-106
Evaluate 4 + 6 - (5 - -6) - -41.
40
Evaluate -5 + 1 + -9 - -56.
43
What is -57 + 0 + 48 + (1 - 2) + -25?
-35
What is 20 + -31 + 10 - -38?
37
What is 1 + -14 - (37 + -27 + 12 + -14)?
-21
What is the value of 6 + 2 + (-16 + -17 - 9)?
-34
What is -97 - (-37 + -6 + (22 - (22 - 19))